 of 4069?
True
Is 19339308 a multiple of 3?
True
Does 174 divide 209725332?
True
Is 1513077345 a multiple of 65?
True
Does 540 divide 25621920?
True
Is 243516338 a multiple of 13?
True
Is 15874488 a multiple of 7?
True
Is 60 a factor of 1852876362?
False
Does 1705 divide 146744297?
False
Is 7 a factor of 16589675?
False
Is 97 a factor of 940700348?
False
Is 14 a factor of 841316?
True
Is 34 a factor of 10522558?
True
Is 437 a factor of 55588797?
False
Does 249 divide 18688152?
False
Is 1977116 a multiple of 4?
True
Is 2945643465 a multiple of 20?
False
Is 72354268 a multiple of 14?
True
Is 1499 a factor of 1579292436?
True
Is 334911786 a multiple of 726?
True
Is 82884244 a multiple of 214?
False
Is 304339451 a multiple of 12?
False
Is 278 a factor of 1684508?
False
Is 187 a factor of 107024570?
False
Does 64 divide 13825600?
True
Is 97 a factor of 298071522?
False
Is 50332668 a multiple of 129?
False
Is 621664109 a multiple of 27?
False
Does 66 divide 339205944?
True
Is 1290801875 a multiple of 5?
True
Is 16176098 a multiple of 1229?
True
Is 417 a factor of 150394413?
False
Does 71 divide 836494542?
False
Is 3513 a factor of 60279956?
False
Is 9 a factor of 925756452?
True
Is 11424172 a multiple of 65?
False
Does 370 divide 377168750?
True
Is 1524 a factor of 21803868?
True
Is 1086 a factor of 775457214?
True
Is 2 a factor of 6390470?
True
Does 2663 divide 31359488?
True
Is 13564080 a multiple of 180?
True
Does 22 divide 848672154?
True
Is 1155 a factor of 89565630?
True
Does 261 divide 424297521?
True
Does 888 divide 133189692?
False
Does 79 divide 54822840?
True
Is 52766948 a multiple of 1960?
False
Is 840234756 a multiple of 4404?
True
Does 13 divide 4512545336?
True
Is 27 a factor of 8100?
True
Does 92 divide 256150604?
False
Is 11922 a factor of 2491638390?
True
Is 305232460 a multiple of 20?
True
Is 4 a factor of 10021811?
False
Does 102 divide 25560204?
False
Does 18 divide 119704536?
True
Is 164381 a multiple of 23?
True
Does 114 divide 1513566125?
False
Is 12703365 a multiple of 135?
True
Does 45 divide 3181814090?
False
Is 14 a factor of 952884828?
True
Does 1617 divide 2204333765?
False
Is 938 a factor of 1609116488?
True
Is 11 a factor of 863542218?
True
Does 62 divide 2639899778?
False
Is 34605846 a multiple of 588?
False
Is 154 a factor of 308759990?
True
Is 246547092 a multiple of 1776?
False
Is 24191461 a multiple of 71?
False
Does 295 divide 174130240?
True
Does 24 divide 58742520?
True
Is 735108472 a multiple of 1624?
True
Is 3946 a factor of 20816436?
False
Does 294 divide 323964480?
True
Is 3573234 a multiple of 46?
True
Is 51 a factor of 38089911?
True
Does 1180 divide 352794040?
True
Does 156 divide 1468796784?
True
Is 19047198 a multiple of 52?
False
Does 17 divide 619814543?
True
Does 346 divide 174794187?
False
Does 11 divide 17222701?
False
Is 58 a factor of 158186416?
True
Is 257 a factor of 4088896?
False
Is 660 a factor of 199587654?
False
Is 574360773 a multiple of 115?
False
Does 2066 divide 805642919?
False
Is 798 a factor of 55240752?
True
Is 11 a factor of 614273097?
False
Is 2908507788 a multiple of 57?
False
Does 15 divide 1418520?
True
Does 25 divide 2101254?
False
Does 3927 divide 1565078361?
True
Is 136707270 a multiple of 21?
True
Does 58 divide 70869678?
True
Is 12029754 a multiple of 69?
False
Does 11 divide 54299982?
True
Does 1712 divide 2674167968?
True
Is 7 a factor of 175242641?
True
Is 28 a factor of 665118132?
True
Is 12958052 a multiple of 3039?
False
Is 58 a factor of 1556965282?
True
Is 75246842 a multiple of 2398?
True
Is 13753659 a multiple of 1667?
False
Is 53770379 a multiple of 2987?
False
Is 89 a factor of 166317214?
False
Is 87514905 a multiple of 569?
False
Is 493139196 a multiple of 1529?
True
Does 330 divide 34956570?
True
Is 1369342996 a multiple of 4522?
True
Is 39412988 a multiple of 23?
False
Is 573 a factor of 83559846?
False
Is 31918032 a multiple of 48?
True
Is 71 a factor of 846006464?
True
Is 74836674 a multiple of 105?
False
Does 12 divide 120240396?
True
Does 557 divide 8341075?
True
Is 5640066 a multiple of 6?
True
Is 4846011666 a multiple of 2066?
True
Is 255 a factor of 32781492?
False
Is 2051 a factor of 99440684?
True
Does 704 divide 92200768?
True
Is 159 a factor of 203786325?
True
Does 13 divide 2618961488?
True
Is 82064016 a multiple of 36?
True
Is 5187 a factor of 919110465?
True
Is 114 a factor of 3633408?
True
Is 17762700 a multiple of 41?
False
Is 139973630 a multiple of 290?
False
Is 11 a factor of 12699180?
False
Is 264 a factor of 55512917?
False
Is 2 a factor of 2999801?
False
Is 5378 a factor of 621449412?
True
Is 32 a factor of 134856416?
True
Is 70899165 a multiple of 285?
True
Is 12 a factor of 5265168?
True
Does 158 divide 11066768?
False
Does 21 divide 227832916?
False
Does 1337 divide 379888272?
False
Does 3 divide 16335011?
False
Is 40 a factor of 80644520?
True
Is 1253 a factor of 382493539?
False
Is 2543921330 a multiple of 7304?
False
Is 10708219 a multiple of 224?
False
Is 17 a factor of 50121341?
False
Is 1237 a factor of 2489573830?
True
Is 39 a factor of 232717552?
False
Is 466 a factor of 1653685671?
False
Is 117 a factor of 45213516?
False
Is 43281630 a multiple of 805?
True
Is 650 a factor of 8700250?
True
Is 32 a factor of 6331356?
False
Is 199418844 a multiple of 1644?
True
Is 433498259 a multiple of 72?
False
Does 1890 divide 95124451?
False
Is 611 a factor of 2312989380?
True
Does 15 divide 2003935179?
False
Does 19 divide 5532353975?
True
Does 1049 divide 14053453?
True
Does 2134 divide 179522750?
True
Does 316 divide 590345357?
False
Does 14 divide 5312901838?
False
Does 5852 divide 498658481?
False
Is 3254098272 a multiple of 43?
True
Is 19 a factor of 9000747?
False
Is 144886020 a multiple of 1164?
False
Is 72388802 a multiple of 83?
False
Is 2420613 a multiple of 9?
True
Does 136 divide 27181776?
True
Is 128944044 a multiple of 85?
False
Is 204908205 a multiple of 83?
False
Is 49793006 a multiple of 2741?
True
Is 149 a factor of 44827204?
False
Is 182896111 a multiple of 15?
False
Is 92826117 a multiple of 70?
False
Is 174 a factor of 692824461?
False
Does 70 divide 430749230?
False
Is 125892559 a multiple of 2969?
False
Is 449674522 a multiple of 68?
False
Is 262726002 a multiple of 126?
True
Does 45 divide 61061175?
True
Does 1854 divide 1811586042?
True
Is 656 a factor of 565479621?
False
Does 230 divide 10192076?
False
Is 321 a factor of 96817868?
False
Does 201 divide 17649006?
True
Does 26 divide 39946598?
False
Is 213 a factor of 18117567?
True
Does 170 divide 387604590?
True
Does 440 divide 63326120?
True
Does 36 divide 7774040?
False
Is 89141016 a multiple of 24?
True
Is 7 a factor of 780283460?
False
Is 1159195520 a multiple of 2824?
True
Does 126 divide 50879304?
True
Is 43523852 a multiple of 4?
True
Is 32 a factor of 300269113?
False
Is 16 a factor of 13152576?
True
Is 714212945 a multiple of 95?
True
Does 1286 divide 306604262?
True
Is 429 a factor of 2626531479?
True
Is 261409295 a multiple of 2219?
True
Does 100 divide 184667495?
False
Does 34 divide 110146230?
True
Is 4143346 a multiple of 1024?
False
Is 9482118 a multiple of 23?
True
Is 634582581 a multiple of 2941?
False
Is 513 a factor of 95463657?
True
Does 3 divide 93992212?
False
Is 258 a factor of 27032136?
False
Is 279 a factor of 162217489?
False
Is 508198704 a multiple of 312?
True
Is 2788 a factor of 156869267?
False
Is 116 a factor of 139486398?
False
Does 20 divide 372189532?
False
Is 495 a factor of 1355113485?
True
Is 32468614 a multiple of 726?
False
Is 848052450 a multiple of 2087?
True
Does 7 divide 7182178?
False
Does 19 divide 631492691?
False
Does 327 divide 6493566?
True
Does 52 divide 505965844?
False
Is 12392220 a multiple of 5?
True
Does 50 divide 87226306?
False
Is 1155 a factor of 448636650?
True
Is 460 a factor of 163586120?
True
Is 49473050 a multiple of 105?
False
Is 4161 a factor of 337977038?
False
Is 60 a factor of 1808110140?
True
Is 41239680 a multiple of 47?
True
Is 33982092 a multiple of 3?
True
Is 37 a factor of 36803197?
True
Is 747284569 a multiple of 23?
False
Is 118 a factor of 716769288?
True
Is 73 a factor of 546917533?
True
Does 397 divide 114949088?
False
Is 1804301136 a multiple of 528?
True
Does 216 divide 4419